{"id":4037,"date":"2024-10-29T13:30:59","date_gmt":"2024-10-29T12:30:59","guid":{"rendered":"https:\/\/www.tomazgorec.si\/trgovina\/?post_type=product&#038;p=4037"},"modified":"2024-10-30T07:53:13","modified_gmt":"2024-10-30T06:53:13","slug":"zenska-jakna-iz-flisa-rdece-barve","status":"publish","type":"product","link":"https:\/\/www.tomazgorec.si\/trgovina\/zenska-jakna-iz-flisa-rdece-barve\/","title":{"rendered":"\u017denska jakna iz flisa rde\u010de barve"},"content":{"rendered":"<ul>\n<li>tajliran kroj<\/li>\n<li>prijetna in gladka tkanina<\/li>\n<li>zmerno strukturirana zunanja stran<\/li>\n<li>notranjost ima gladko povr\u0161ino<\/li>\n<li>stoje\u010d ovratnik<\/li>\n<li>sprednja zadrga je z notranje strani prekrita z obrobo in ima zavihek za za\u0161\u010dito brade<\/li>\n<li>ploski \u0161ivi v kontrastni barvi<\/li>\n<li>dva stranska \u017eepa z zadrgo<\/li>\n<\/ul>\n","protected":false},"excerpt":{"rendered":"<p>Rok dostave: 15 dni<\/p>\n","protected":false},"featured_media":4004,"template":"","meta":[],"product_brand":[],"product_cat":[68,102],"product_tag":[],"class_list":{"0":"post-4037","1":"product","2":"type-product","3":"status-publish","4":"has-post-thumbnail","6":"product_cat-jakne","7":"product_cat-zenske-jakne","9":"first","10":"instock","11":"taxable","12":"shipping-taxable","13":"purchasable","14":"product-type-variable"},"yoast_head":"<!-- This site is optimized with the Yoast SEO plugin v27.3 - https:\/\/yoast.com\/product\/yoast-seo-wordpress\/ -->\n<title>\u017denska jakna iz flisa rde\u010de barve - Spletna trgovina Toma\u017e Gorec<\/title>\n<meta name=\"robots\" content=\"index, follow, max-snippet:-1, max-image-preview:large, max-video-preview:-1\" \/>\n<link rel=\"canonical\" href=\"https:\/\/www.tomazgorec.si\/trgovina\/zenska-jakna-iz-flisa-rdece-barve\/\" \/>\n<meta property=\"og:locale\" content=\"sl_SI\" \/>\n<meta property=\"og:type\" content=\"article\" \/>\n<meta property=\"og:title\" content=\"\u017denska jakna iz flisa rde\u010de barve - Spletna trgovina Toma\u017e Gorec\" \/>\n<meta property=\"og:description\" content=\"Rok dostave: 15 dni\" \/>\n<meta property=\"og:url\" content=\"https:\/\/www.tomazgorec.si\/trgovina\/zenska-jakna-iz-flisa-rdece-barve\/\" \/>\n<meta property=\"og:site_name\" content=\"Spletna trgovina Toma\u017e Gorec\" \/>\n<meta property=\"article:publisher\" content=\"https:\/\/www.facebook.com\/Potovanja.Podjetnistvo\/\" \/>\n<meta property=\"article:modified_time\" content=\"2024-10-30T06:53:13+00:00\" \/>\n<meta property=\"og:image\" content=\"https:\/\/www.tomazgorec.si\/trgovina\/wp-content\/uploads\/2024\/10\/zenska-jakna-iz-flisa-tomaz-gorec-rdeca-01.jpg\" \/>\n\t<meta property=\"og:image:width\" content=\"900\" \/>\n\t<meta property=\"og:image:height\" content=\"900\" \/>\n\t<meta property=\"og:image:type\" content=\"image\/jpeg\" \/>\n<meta name=\"twitter:card\" content=\"summary_large_image\" \/>\n<meta name=\"twitter:site\" content=\"@tomazgorec\" \/>\n<meta name=\"twitter:label1\" content=\"Est. reading time\" \/>\n\t<meta name=\"twitter:data1\" content=\"1 minuta\" \/>\n<script type=\"application\/ld+json\" class=\"yoast-schema-graph\">{\"@context\":\"https:\\\/\\\/schema.org\",\"@graph\":[{\"@type\":\"WebPage\",\"@id\":\"https:\\\/\\\/www.tomazgorec.si\\\/trgovina\\\/zenska-jakna-iz-flisa-rdece-barve\\\/\",\"url\":\"https:\\\/\\\/www.tomazgorec.si\\\/trgovina\\\/zenska-jakna-iz-flisa-rdece-barve\\\/\",\"name\":\"\u017denska jakna iz flisa rde\u010de barve - Spletna trgovina Toma\u017e Gorec\",\"isPartOf\":{\"@id\":\"https:\\\/\\\/www.tomazgorec.si\\\/trgovina\\\/#website\"},\"primaryImageOfPage\":{\"@id\":\"https:\\\/\\\/www.tomazgorec.si\\\/trgovina\\\/zenska-jakna-iz-flisa-rdece-barve\\\/#primaryimage\"},\"image\":{\"@id\":\"https:\\\/\\\/www.tomazgorec.si\\\/trgovina\\\/zenska-jakna-iz-flisa-rdece-barve\\\/#primaryimage\"},\"thumbnailUrl\":\"https:\\\/\\\/www.tomazgorec.si\\\/trgovina\\\/wp-content\\\/uploads\\\/2024\\\/10\\\/zenska-jakna-iz-flisa-tomaz-gorec-rdeca-01.jpg\",\"datePublished\":\"2024-10-29T12:30:59+00:00\",\"dateModified\":\"2024-10-30T06:53:13+00:00\",\"breadcrumb\":{\"@id\":\"https:\\\/\\\/www.tomazgorec.si\\\/trgovina\\\/zenska-jakna-iz-flisa-rdece-barve\\\/#breadcrumb\"},\"inLanguage\":\"sl-SI\",\"potentialAction\":[{\"@type\":\"ReadAction\",\"target\":[\"https:\\\/\\\/www.tomazgorec.si\\\/trgovina\\\/zenska-jakna-iz-flisa-rdece-barve\\\/\"]}]},{\"@type\":\"ImageObject\",\"inLanguage\":\"sl-SI\",\"@id\":\"https:\\\/\\\/www.tomazgorec.si\\\/trgovina\\\/zenska-jakna-iz-flisa-rdece-barve\\\/#primaryimage\",\"url\":\"https:\\\/\\\/www.tomazgorec.si\\\/trgovina\\\/wp-content\\\/uploads\\\/2024\\\/10\\\/zenska-jakna-iz-flisa-tomaz-gorec-rdeca-01.jpg\",\"contentUrl\":\"https:\\\/\\\/www.tomazgorec.si\\\/trgovina\\\/wp-content\\\/uploads\\\/2024\\\/10\\\/zenska-jakna-iz-flisa-tomaz-gorec-rdeca-01.jpg\",\"width\":900,\"height\":900,\"caption\":\"\u017denska jakna iz flisa rde\u010de barve\"},{\"@type\":\"BreadcrumbList\",\"@id\":\"https:\\\/\\\/www.tomazgorec.si\\\/trgovina\\\/zenska-jakna-iz-flisa-rdece-barve\\\/#breadcrumb\",\"itemListElement\":[{\"@type\":\"ListItem\",\"position\":1,\"name\":\"Domov\",\"item\":\"https:\\\/\\\/www.tomazgorec.si\\\/trgovina\\\/\"},{\"@type\":\"ListItem\",\"position\":2,\"name\":\"Trgovina\",\"item\":\"https:\\\/\\\/www.tomazgorec.si\\\/trgovina\\\/trgovina\\\/\"},{\"@type\":\"ListItem\",\"position\":3,\"name\":\"\u017denska jakna iz flisa rde\u010de barve\"}]},{\"@type\":\"WebSite\",\"@id\":\"https:\\\/\\\/www.tomazgorec.si\\\/trgovina\\\/#website\",\"url\":\"https:\\\/\\\/www.tomazgorec.si\\\/trgovina\\\/\",\"name\":\"Spletna trgovina Toma\u017e Gorec\",\"description\":\"\",\"publisher\":{\"@id\":\"https:\\\/\\\/www.tomazgorec.si\\\/trgovina\\\/#organization\"},\"potentialAction\":[{\"@type\":\"SearchAction\",\"target\":{\"@type\":\"EntryPoint\",\"urlTemplate\":\"https:\\\/\\\/www.tomazgorec.si\\\/trgovina\\\/?s={search_term_string}\"},\"query-input\":{\"@type\":\"PropertyValueSpecification\",\"valueRequired\":true,\"valueName\":\"search_term_string\"}}],\"inLanguage\":\"sl-SI\"},{\"@type\":\"Organization\",\"@id\":\"https:\\\/\\\/www.tomazgorec.si\\\/trgovina\\\/#organization\",\"name\":\"Spletna trgovina Toma\u017e Gorec\",\"url\":\"https:\\\/\\\/www.tomazgorec.si\\\/trgovina\\\/\",\"logo\":{\"@type\":\"ImageObject\",\"inLanguage\":\"sl-SI\",\"@id\":\"https:\\\/\\\/www.tomazgorec.si\\\/trgovina\\\/#\\\/schema\\\/logo\\\/image\\\/\",\"url\":\"https:\\\/\\\/www.tomazgorec.si\\\/trgovina\\\/wp-content\\\/uploads\\\/2024\\\/04\\\/tomaz-gorec-logo.png\",\"contentUrl\":\"https:\\\/\\\/www.tomazgorec.si\\\/trgovina\\\/wp-content\\\/uploads\\\/2024\\\/04\\\/tomaz-gorec-logo.png\",\"width\":400,\"height\":120,\"caption\":\"Spletna trgovina Toma\u017e Gorec\"},\"image\":{\"@id\":\"https:\\\/\\\/www.tomazgorec.si\\\/trgovina\\\/#\\\/schema\\\/logo\\\/image\\\/\"},\"sameAs\":[\"https:\\\/\\\/www.facebook.com\\\/Potovanja.Podjetnistvo\\\/\",\"https:\\\/\\\/x.com\\\/tomazgorec\",\"https:\\\/\\\/www.youtube.com\\\/@tomazgorec\",\"https:\\\/\\\/www.instagram.com\\\/tomazgorec\\\/\",\"https:\\\/\\\/www.tiktok.com\\\/@tomazgorec\"]}]}<\/script>\n<!-- \/ Yoast SEO plugin. -->","yoast_head_json":{"title":"\u017denska jakna iz flisa rde\u010de barve - Spletna trgovina Toma\u017e Gorec","robots":{"index":"index","follow":"follow","max-snippet":"max-snippet:-1","max-image-preview":"max-image-preview:large","max-video-preview":"max-video-preview:-1"},"canonical":"https:\/\/www.tomazgorec.si\/trgovina\/zenska-jakna-iz-flisa-rdece-barve\/","og_locale":"sl_SI","og_type":"article","og_title":"\u017denska jakna iz flisa rde\u010de barve - Spletna trgovina Toma\u017e Gorec","og_description":"Rok dostave: 15 dni","og_url":"https:\/\/www.tomazgorec.si\/trgovina\/zenska-jakna-iz-flisa-rdece-barve\/","og_site_name":"Spletna trgovina Toma\u017e Gorec","article_publisher":"https:\/\/www.facebook.com\/Potovanja.Podjetnistvo\/","article_modified_time":"2024-10-30T06:53:13+00:00","og_image":[{"width":900,"height":900,"url":"https:\/\/www.tomazgorec.si\/trgovina\/wp-content\/uploads\/2024\/10\/zenska-jakna-iz-flisa-tomaz-gorec-rdeca-01.jpg","type":"image\/jpeg"}],"twitter_card":"summary_large_image","twitter_site":"@tomazgorec","twitter_misc":{"Est. reading time":"1 minuta"},"schema":{"@context":"https:\/\/schema.org","@graph":[{"@type":"WebPage","@id":"https:\/\/www.tomazgorec.si\/trgovina\/zenska-jakna-iz-flisa-rdece-barve\/","url":"https:\/\/www.tomazgorec.si\/trgovina\/zenska-jakna-iz-flisa-rdece-barve\/","name":"\u017denska jakna iz flisa rde\u010de barve - Spletna trgovina Toma\u017e Gorec","isPartOf":{"@id":"https:\/\/www.tomazgorec.si\/trgovina\/#website"},"primaryImageOfPage":{"@id":"https:\/\/www.tomazgorec.si\/trgovina\/zenska-jakna-iz-flisa-rdece-barve\/#primaryimage"},"image":{"@id":"https:\/\/www.tomazgorec.si\/trgovina\/zenska-jakna-iz-flisa-rdece-barve\/#primaryimage"},"thumbnailUrl":"https:\/\/www.tomazgorec.si\/trgovina\/wp-content\/uploads\/2024\/10\/zenska-jakna-iz-flisa-tomaz-gorec-rdeca-01.jpg","datePublished":"2024-10-29T12:30:59+00:00","dateModified":"2024-10-30T06:53:13+00:00","breadcrumb":{"@id":"https:\/\/www.tomazgorec.si\/trgovina\/zenska-jakna-iz-flisa-rdece-barve\/#breadcrumb"},"inLanguage":"sl-SI","potentialAction":[{"@type":"ReadAction","target":["https:\/\/www.tomazgorec.si\/trgovina\/zenska-jakna-iz-flisa-rdece-barve\/"]}]},{"@type":"ImageObject","inLanguage":"sl-SI","@id":"https:\/\/www.tomazgorec.si\/trgovina\/zenska-jakna-iz-flisa-rdece-barve\/#primaryimage","url":"https:\/\/www.tomazgorec.si\/trgovina\/wp-content\/uploads\/2024\/10\/zenska-jakna-iz-flisa-tomaz-gorec-rdeca-01.jpg","contentUrl":"https:\/\/www.tomazgorec.si\/trgovina\/wp-content\/uploads\/2024\/10\/zenska-jakna-iz-flisa-tomaz-gorec-rdeca-01.jpg","width":900,"height":900,"caption":"\u017denska jakna iz flisa rde\u010de barve"},{"@type":"BreadcrumbList","@id":"https:\/\/www.tomazgorec.si\/trgovina\/zenska-jakna-iz-flisa-rdece-barve\/#breadcrumb","itemListElement":[{"@type":"ListItem","position":1,"name":"Domov","item":"https:\/\/www.tomazgorec.si\/trgovina\/"},{"@type":"ListItem","position":2,"name":"Trgovina","item":"https:\/\/www.tomazgorec.si\/trgovina\/trgovina\/"},{"@type":"ListItem","position":3,"name":"\u017denska jakna iz flisa rde\u010de barve"}]},{"@type":"WebSite","@id":"https:\/\/www.tomazgorec.si\/trgovina\/#website","url":"https:\/\/www.tomazgorec.si\/trgovina\/","name":"Spletna trgovina Toma\u017e Gorec","description":"","publisher":{"@id":"https:\/\/www.tomazgorec.si\/trgovina\/#organization"},"potentialAction":[{"@type":"SearchAction","target":{"@type":"EntryPoint","urlTemplate":"https:\/\/www.tomazgorec.si\/trgovina\/?s={search_term_string}"},"query-input":{"@type":"PropertyValueSpecification","valueRequired":true,"valueName":"search_term_string"}}],"inLanguage":"sl-SI"},{"@type":"Organization","@id":"https:\/\/www.tomazgorec.si\/trgovina\/#organization","name":"Spletna trgovina Toma\u017e Gorec","url":"https:\/\/www.tomazgorec.si\/trgovina\/","logo":{"@type":"ImageObject","inLanguage":"sl-SI","@id":"https:\/\/www.tomazgorec.si\/trgovina\/#\/schema\/logo\/image\/","url":"https:\/\/www.tomazgorec.si\/trgovina\/wp-content\/uploads\/2024\/04\/tomaz-gorec-logo.png","contentUrl":"https:\/\/www.tomazgorec.si\/trgovina\/wp-content\/uploads\/2024\/04\/tomaz-gorec-logo.png","width":400,"height":120,"caption":"Spletna trgovina Toma\u017e Gorec"},"image":{"@id":"https:\/\/www.tomazgorec.si\/trgovina\/#\/schema\/logo\/image\/"},"sameAs":["https:\/\/www.facebook.com\/Potovanja.Podjetnistvo\/","https:\/\/x.com\/tomazgorec","https:\/\/www.youtube.com\/@tomazgorec","https:\/\/www.instagram.com\/tomazgorec\/","https:\/\/www.tiktok.com\/@tomazgorec"]}]}},"_links":{"self":[{"href":"https:\/\/www.tomazgorec.si\/trgovina\/wp-json\/wp\/v2\/product\/4037","targetHints":{"allow":["GET"]}}],"collection":[{"href":"https:\/\/www.tomazgorec.si\/trgovina\/wp-json\/wp\/v2\/product"}],"about":[{"href":"https:\/\/www.tomazgorec.si\/trgovina\/wp-json\/wp\/v2\/types\/product"}],"wp:featuredmedia":[{"embeddable":true,"href":"https:\/\/www.tomazgorec.si\/trgovina\/wp-json\/wp\/v2\/media\/4004"}],"wp:attachment":[{"href":"https:\/\/www.tomazgorec.si\/trgovina\/wp-json\/wp\/v2\/media?parent=4037"}],"wp:term":[{"taxonomy":"product_brand","embeddable":true,"href":"https:\/\/www.tomazgorec.si\/trgovina\/wp-json\/wp\/v2\/product_brand?post=4037"},{"taxonomy":"product_cat","embeddable":true,"href":"https:\/\/www.tomazgorec.si\/trgovina\/wp-json\/wp\/v2\/product_cat?post=4037"},{"taxonomy":"product_tag","embeddable":true,"href":"https:\/\/www.tomazgorec.si\/trgovina\/wp-json\/wp\/v2\/product_tag?post=4037"}],"curies":[{"name":"wp","href":"https:\/\/api.w.org\/{rel}","templated":true}]}}